be 15/(-20) + p/(-12) - 3. Is r(x) a prime number?
True
Suppose 2138 + 187549 = x - 2*f, f = -x + 189663. Is x a composite number?
False
Suppose 2*r - 5*f - 51051 = 0, -r - 9195 = 4*f - 34714. Is r composite?
False
Let f be (-14)/4 + 3 + 15/6. Let l(g) = 1300*g**2 - g + 2. Let h be l(1). Suppose f*a - h = -3. Is a prime?
False
Let u = 1324 - -579. Is u prime?
False
Suppose -837123 + 4552269 = 34*v - 813008. Is v a composite number?
True
Let c = 505610 + -260671. Is c a prime number?
True
Let j = 109755 - 73389. Suppose 0 = 5*d - 6*v + 5*v - 45454, -j = -4*d - 2*v. Is d prime?
True
Let p(z) = 2*z**3 - 26*z**2 - 17*z - 80. Let h be p(21). Suppose h = 2*k - 1363. Is k composite?
True
Let h be 13 + 49/(-7) + 1. Is 1247/2*(-1 + -4 + h) prime?
False
Let b(n) be the first derivative of n**3 - 5*n**2 + 73*n - 15. Is b(-24) a composite number?
True
Suppose 24*j - 20*j - 20 = 0. Suppose 0 = 8*k - 21 + j. Suppose -5*n + 1699 = t, -t - 2*n - k*n + 1701 = 0. Is t composite?
False
Suppose 10 = -5*h + 3*h, 0 = 5*l + 4*h - 35020. Let r = -3709 + l. Is r composite?
False
Let x = 5853 + 559. Suppose x = -157*w + 161*w. Is w prime?
False
Let w(d) = -197*d - 77. Suppose 3*a + 22 = y - 21, 5*a + 75 = y. Let r be w(a). Let u = 4732 - r. Is u composite?
False
Suppose 0 = -36*p + 1610138 + 1825997 - 986947. Is p prime?
False
Let m = 520 - 520. Suppose -3*w + 8016 = -w. Suppose -8*r = -m*r - w. Is r a composite number?
True
Suppose -17*b + 723 = -2*s - 14*b, 0 = s + 2*b + 358. Let z = 457 + s. Is z composite?
False
Let g(q) = q**3 - 79*q**2 - 362*q + 313. Is g(103) prime?
True
Suppose -2*h - 2*o = 10 - 2, -2*o = 8. Let f(i) = 5*i**3 + i**2 - i + 2291. Is f(h) a prime number?
False
Let b(y) = y**2 - y + 15043. Suppose -5*s = 17 - 17. Let m be b(s). Suppose -2*t = 5*t - m. Is t a composite number?
True
Is 1/(((-10)/(-897040))/(((-18)/(-8))/9)) composite?
True
Suppose -203029 = -3*c - 2*l, -44*c + l - 203036 = -47*c. Is c a prime number?
False
Let n be ((-8)/(-20))/((-16)/(-40)). Let f(i) = 110*i**3 + 2*i**2 - 1. Is f(n) composite?
True
Let m(l) be the second derivative of -l - 123*l**3 + 5/2*l**2 + 0. Is m(-1) a composite number?
False
Suppose -k = k + z + 26, 18 = -2*k + 3*z. Let j be (0/2)/(k/(-12)). Suppose 0*n - 3*n + v + 2216 = j, -3*n - v + 2206 = 0. Is n a prime number?
False
Suppose 0 = 21*p - 17*p + 173784. Let u = p - -63877. Is u a prime number?
True
Let i(c) = c**2 + 2*c + 3. Let p be i(-3). Let m(w) = 2*w**3 + w**2 - 1. Let z(s) = 6*s**3 + 4*s**2 + s - 4. Let q(n) = -11*m(n) + 4*z(n). Is q(p) prime?
True
Suppose 7*k + 14 = 35. Suppose k*j - 1941 = -u, 15*j - 13*j = -u + 1294. Is j a composite number?
False
Suppose 5*z - 30 = 3*j, -31 = -2*z + 3*j + 2*j. Suppose z*p - 22 = -10. Suppose 0*i + 3680 = p*a + 2*i, 2*i + 2753 = 3*a. Is a composite?
False
Let r(h) = -156*h**2 - 10*h - 109. Let i be r(-13). Is (-5)/(45/i) - 0 a prime number?
True
Suppose -4*d + 92 = c, -2*d - d = -c + 78. Is (c/(-24))/(2/(-188)) a composite number?
True
Let y = -41 + 41. Suppose y = 19*f - 13*f + 24. Is (-384 + -1 + f)/(-1) a prime number?
True
Is (22/77)/((-66)/(-87916521)) a composite number?
False
Let o = -27 + 30. Suppose o*c + 3*b + 12 = -0*b, -2*c + 3*b = -7. Is (-4 - 0/c)*(-10575)/180 a prime number?
False
Let p = 63 - 37. Suppose -p + 32 = 3*h. Let q(z) = 3*z**3 - z**2 - 2*z + 5. Is q(h) a composite number?
True
Suppose 5*a - 6 = -2*k - k, 2*a + 4 = 2*k. Let o(z) = 309*z + 11*z + 147*z + k. Is o(1) composite?
True
Let m = -4540 - -767077. Is m prime?
False
Suppose 12*k - 38 + 26 = 0. Is k/2*150 - 8 composite?
False
Suppose -5*d + 29 = 4*s - 3*s, -2*d - s + 11 = 0. Suppose -d*g - c - 3193 = -7*g, 0 = -4*g - c + 12772. Is g prime?
False
Is 2 + (-1007074)/(-18) - 176/(-396) composite?
True
Suppose -24 = 13*r + 28. Is (8386/r)/((-107)/214) a composite number?
True
Let l(r) = 77*r**3 - 2*r**2 + 5*r + 5. Let m be -10*(28/(-35) + 6/20). Suppose -2*y + m = -1. Is l(y) a composite number?
False
Is 3/((-225)/(-10)) + 1582050485/1425 a composite number?
True
Let y(p) = -3*p**2 + 2357*p**3 + 2*p + 2 - 3 + 4*p**2. Let s be 1/(1/6*(0 + 6)). Is y(s) a composite number?
True
Is (-243170)/300*5*-6 composite?
False
Is (1273695*18/54)/5 a composite number?
False
Let q be ((-1900)/8)/(5/(-20)). Let n = q + -523. Is n a composite number?
True
Let z = 59 + -56. Suppose -q - 4*m + 4247 = 0, 3*q = 2*m - z*m + 12752. Suppose 5*k - 31294 = -4*p - q, 3*k = -p + 16230. Is k a composite number?
True
Suppose -12*k + 16 = 28. Let w be k/(-2) - 1/2. Suppose w = 9*g - 4339 - 12950. Is g composite?
True
Let n(d) = -27*d**3 - 5*d**2 - 4*d + 4. Let y be n(-4). Let o be 9/(-2) - (-78213)/58. Suppose y = 6*a - o. Is a a composite number?
True
Let h(o) = 32*o**3 + 2*o**2 + 13*o - 4. Let l be h(8). Suppose -l = -29*u + 25*u. Is u a prime number?
True
Let y(x) = -836*x - 18. Let v be y(-5). Let c = 7325 - v. Is c composite?
False
Is ((-17)/(-15) - 532/665)/(1/1056903) prime?
True
Suppose q = 3, 19*q + 406313 = 2*v + 24*q. Is v composite?
True
Let n = 58942 + -30931. Is n a composite number?
True
Let w = -149 + 401. Let y = -125 + w. Is y a composite number?
False
Let p(j) = 9*j + 84. Let y be p(-9). Suppose 5*q + y*i = 15386, -3*i + 14330 = 4*q + 2023. Is q prime?
True
Suppose 4*a - 24 = -s, s + 137 = 6*s + 3*a. Is -1 + 15/12 - (-30625)/s composite?
True
Let m be 3160 - (-9)/((-27)/(-6)). Suppose 3*v + l = -4*l + m, 3*l - 2107 = -2*v. Is v composite?
False
Let t = 108 + -130. Let d(s) = 14*s**2 - 45*s - 43. Is d(t) a prime number?
True
Is 3871*(3 + 428/8) + 4/(-8) a prime number?
True
Let g(b) = 75*b**2 + 25*b + 423. Is g(-33) composite?
True
Suppose 4*x = -240 + 292. Suppose -x*t = -11*t - 26794. Is t composite?
False
Let q = 728 + -438. Let j(s) = s**3 - 12*s**2 + 15*s - 21. Let d be j(9). Let o = q - d. Is o prime?
True
Let c(u) = -u**2 - 16*u - 12. Let j be c(-15). Let o = 27 + -23. Suppose -3*s + 4*r + 471 = r, -j*r = -o*s + 629. Is s prime?
False
Let b(y) = 162*y**3 - 7*y**2 - y + 34. Let u(q) = 163*q**3 - 7*q**2 + 2*q + 33. Let g(d) = 2*b(d) - 3*u(d). Is g(-3) prime?
False
Let r(w) = w**3 - 108*w**2 - 281*w - 1991. Is r(126) a composite number?
False
Suppose 3*s = -5*g + 4292, 0*g - 3*g = 2*s - 2576. Let h = g + -2515. Let l = -880 - h. Is l a composite number?
True
Suppose -3*s = 15, 0 = 2*g - s + 14 - 23. Suppose g*a = p - 1739, 0*a = -5*p + a + 8695. Is p a composite number?
True
Suppose 0 = 2*i - 1 + 5. Let w be 1*(-3 + (-6)/i)/(-1). Suppose 7317 = 5*s + c - 5*c, w = s - 3*c - 1459. Is s prime?
False
Let h(m) = 1559*m - 118. Let b be h(9). Let w = b - 6564. Is w prime?
True
Suppose 0 = -2*g - 28 - 54. Let n = 53 + g. Is (-12)/3*(-159)/n a prime number?
True
Let r be (-60)/(-72) + (2/12)/1. Suppose -r = 3*u + 5. Is u/14 - (-755784)/252 a composite number?
False
Let h(p) = 6*p + 81. Let w be h(-13). Is 1146/w*1*(-6)/(-12) a composite number?
False
Suppose 36386 = j + 4*g, j + 23*g - 36383 = 22*g. Is j a composite number?
True
Let p be (750/4)/(1/(-8)). Let g = p + 2589. Suppose 0 = -3*j + g - 78. Is j a prime number?
True
Is (316412/(-3))/(14/36 + 30/(-36)) prime?
False
Let i be (3 - 4) + -1 + 5. Suppose i*d = 2*n - 34, -n - 62 = -5*n + 3*d. Is (-3 + n - 0)/((-1)/(-2)) a prime number?
False
Suppose 3*d = 2*x + 399, 0 = 5*d + 2*x - 695 + 46. Suppose -129*v + d*v = 24158. Is v composite?
True
Is (-8 - (-387)/45)*(-2127355)/(-3) a composite number?
False
Let z(i) = -9*i - 108. Let r be z(-12). Is (-1)/((-67920)/(-67928) - (1 + r)) composite?
True
Is (6/(-30) + (-1025388)/35)/(-1) prime?
True
Let p(f) = 470*f**3 - 6*f**2 + 14*f - 17. Is p(3) prime?
False
Suppose -18*x + 2*n + 3056188 = 0, -5*n + 28 = -n. Is x a composite number?
False
Suppose -3*x = 35137 - 8521. Let u = -2993 - x. Is u composite?
False
Suppose -4*v + 70 = 5*d, d - 6 - 8 = 2*v. Let y(n) = -87*n - 35. Let k(i) = 88*i + 35. Let u(t) = -6*k(t) - 7*y(t). Is u(d) prime?
False
Let j be (5091 + -1)/(16/(-32)). Is j/(-15) - (-2)/6 prime?
False
Let f(n) = -2*n**2 - n - 10. Let j(g) = 3*g**2 - g - 14. Let s(h) = -7*f(h) + 5*j(h). Let m(p) = -p**3 - 4*p**2 + 3*p - 7. Let q be m(-5). Is s(q) composite?
True
Suppose 0 = 6*d - 4*d. Let u(f) = 10*f + 60991. Is u(d) a prime number?
False
Let i = 151 + -161. Is 2679*(-3 + i/(-3)) a composite number?
True
